{"id":1125,"date":"2022-05-31T14:06:52","date_gmt":"2022-05-31T12:06:52","guid":{"rendered":"http:\/\/www.blindleiamarine.no\/?page_id=1125"},"modified":"2022-06-02T10:24:31","modified_gmt":"2022-06-02T08:24:31","slug":"ums-bater","status":"publish","type":"page","link":"https:\/\/blindleiamarine.no\/index.php\/bater\/ums-bater\/","title":{"rendered":"UMS B\u00e5ter"},"content":{"rendered":"\n<p>Endelig er v\u00e5r nye satsing p\u00e5 Ukrainske aluminiums b\u00e5ter fra UMS BOATS blitt en realitet. Den f\u00f8rste leveransen med UMS b\u00e5ter blir \u00e5 se hos Blindleia Marine i juni 2022.<\/p>\n\n\n\n<blockquote class=\"wp-block-quote is-layout-flow wp-block-quote-is-layout-flow\"><p><strong>UMS aluminiumb\u00e5ter utfordrer med bedre ytelse og moderne teknologi<\/strong><\/p><\/blockquote>\n\n\n\n<figure class=\"wp-block-image size-large\"><a href=\"http:\/\/www.blindleiamarine.no\/wp-content\/uploads\/2022\/05\/UMS585DC.jpg\"><img loading=\"lazy\" decoding=\"async\" width=\"1024\" height=\"576\" src=\"http:\/\/www.blindleiamarine.no\/wp-content\/uploads\/2022\/05\/UMS585DC-1024x576.jpg\" alt=\"\" class=\"wp-image-1128\" srcset=\"https:\/\/blindleiamarine.no\/wp-content\/uploads\/2022\/05\/UMS585DC-1024x576.jpg 1024w, https:\/\/blindleiamarine.no\/wp-content\/uploads\/2022\/05\/UMS585DC-300x169.jpg 300w, https:\/\/blindleiamarine.no\/wp-content\/uploads\/2022\/05\/UMS585DC-768x432.jpg 768w, https:\/\/blindleiamarine.no\/wp-content\/uploads\/2022\/05\/UMS585DC-1536x864.jpg 1536w, https:\/\/blindleiamarine.no\/wp-content\/uploads\/2022\/05\/UMS585DC-2048x1152.jpg 2048w\" sizes=\"auto, (max-width: 1024px) 100vw, 1024px\" \/><\/a><\/figure>\n\n\n\n<p>UMS Boats produserer aluminiumb\u00e5ter for fritidsbruk fra 4 til 9 meter og yrkesb\u00e5ter opp til 15 meter. UMS er en mindre b\u00e5tprodusent som gir mer fleksibilitet rask implementering av nye modeller og ny teknologi, ta kontakt med oss i Blindleia Marine for mer informasjon og tilbud p\u00e5 ny UMS b\u00e5t. <\/p>\n\n\n\n<figure class=\"wp-block-image size-large\"><a href=\"http:\/\/www.blindleiamarine.no\/wp-content\/uploads\/2022\/05\/UMS485DC.jpg\"><img loading=\"lazy\" decoding=\"async\" width=\"1024\" height=\"683\" src=\"http:\/\/www.blindleiamarine.no\/wp-content\/uploads\/2022\/05\/UMS485DC-1024x683.jpg\" alt=\"\" class=\"wp-image-1129\" srcset=\"https:\/\/blindleiamarine.no\/wp-content\/uploads\/2022\/05\/UMS485DC-1024x683.jpg 1024w, https:\/\/blindleiamarine.no\/wp-content\/uploads\/2022\/05\/UMS485DC-300x200.jpg 300w, https:\/\/blindleiamarine.no\/wp-content\/uploads\/2022\/05\/UMS485DC-768x512.jpg 768w, https:\/\/blindleiamarine.no\/wp-content\/uploads\/2022\/05\/UMS485DC-1536x1024.jpg 1536w, https:\/\/blindleiamarine.no\/wp-content\/uploads\/2022\/05\/UMS485DC-2048x1366.jpg 2048w\" sizes=\"auto, (max-width: 1024px) 100vw, 1024px\" \/><\/a><\/figure>\n","protected":false},"excerpt":{"rendered":"<p>Endelig er v\u00e5r nye satsing p\u00e5 Ukrainske aluminiums b\u00e5ter fra UMS BOATS blitt en realitet. Den f\u00f8rste leveransen med UMS b\u00e5ter blir \u00e5 se hos Blindleia Marine i juni 2022. UMS aluminiumb\u00e5ter utfordrer med bedre ytelse og moderne teknologi UMS Boats produserer aluminiumb\u00e5ter for fritidsbruk fra 4 til 9 meter og yrkesb\u00e5ter opp til 1530<\/p>\n","protected":false},"author":1,"featured_media":1127,"parent":37,"menu_order":0,"comment_status":"closed","ping_status":"closed","template":"page-fullwidth.php","meta":{"_exactmetrics_skip_tracking":false,"_exactmetrics_sitenote_active":false,"_exactmetrics_sitenote_note":"","_exactmetrics_sitenote_category":0,"footnotes":""},"class_list":["post-1125","page","type-page","status-publish","has-post-thumbnail","hentry"],"_links":{"self":[{"href":"https:\/\/blindleiamarine.no\/index.php\/wp-json\/wp\/v2\/pages\/1125","targetHints":{"allow":["GET"]}}],"collection":[{"href":"https:\/\/blindleiamarine.no\/index.php\/wp-json\/wp\/v2\/pages"}],"about":[{"href":"https:\/\/blindleiamarine.no\/index.php\/wp-json\/wp\/v2\/types\/page"}],"author":[{"embeddable":true,"href":"https:\/\/blindleiamarine.no\/index.php\/wp-json\/wp\/v2\/users\/1"}],"replies":[{"embeddable":true,"href":"https:\/\/blindleiamarine.no\/index.php\/wp-json\/wp\/v2\/comments?post=1125"}],"version-history":[{"count":3,"href":"https:\/\/blindleiamarine.no\/index.php\/wp-json\/wp\/v2\/pages\/1125\/revisions"}],"predecessor-version":[{"id":1133,"href":"https:\/\/blindleiamarine.no\/index.php\/wp-json\/wp\/v2\/pages\/1125\/revisions\/1133"}],"up":[{"embeddable":true,"href":"https:\/\/blindleiamarine.no\/index.php\/wp-json\/wp\/v2\/pages\/37"}],"wp:featuredmedia":[{"embeddable":true,"href":"https:\/\/blindleiamarine.no\/index.php\/wp-json\/wp\/v2\/media\/1127"}],"wp:attachment":[{"href":"https:\/\/blindleiamarine.no\/index.php\/wp-json\/wp\/v2\/media?parent=1125"}],"curies":[{"name":"wp","href":"https:\/\/api.w.org\/{rel}","templated":true}]}}