{"id":12,"date":"2015-08-27T15:33:36","date_gmt":"2015-08-27T13:33:36","guid":{"rendered":"http:\/\/www.blindleiamarine.no\/?page_id=12"},"modified":"2025-04-17T23:04:50","modified_gmt":"2025-04-17T21:04:50","slug":"ta-kontakt","status":"publish","type":"page","link":"https:\/\/blindleiamarine.no\/index.php\/ta-kontakt\/","title":{"rendered":"Ta kontakt"},"content":{"rendered":"\n<p><strong>Hvem er vi?<\/strong><\/p>\n\n\n\n<p>Blindleia Marine startet i 2011 av H\u00e5vard K. Mathisen. H\u00e5vard er lidenskapelig b\u00e5tmann, utdannet bil- og b\u00e5t mekaniker og har omtrent 15 \u00e5rs erfaring fra b\u00e5tbransjen p\u00e5 s\u00f8rlandet. Han er sv\u00e6rt glad i \u00e5 skru p\u00e5 motorer og \u00e5 selge b\u00e5ter. Uansett gj\u00f8r vi alt vi kan for \u00e5 gi kundene god kvalitet og topp service.<\/p>\n\n\n\n<p><strong>Hvor er vi?<\/strong><\/p>\n\n\n\n<p>Vi holder til i Vallesverd i H\u00f8v\u00e5g. Ta gjerne en tur innom!<\/p>\n\n\n<div id=\"wpgmza_map\" class=\"wpgmza_map\" data-settings='{\"id\":\"1\",\"map_title\":\"My first map\",\"map_width\":\"100\",\"map_height\":\"500\",\"map_start_lat\":\"58.199552\",\"map_start_lng\":\"8.224394\",\"map_start_location\":\"58.19955199999998,8.224394\",\"map_start_zoom\":\"11\",\"default_marker\":\"0\",\"type\":\"1\",\"alignment\":\"4\",\"directions_enabled\":\"1\",\"styling_enabled\":\"0\",\"styling_json\":\"\",\"active\":\"0\",\"kml\":\"\",\"bicycle\":\"0\",\"traffic\":\"0\",\"dbox\":\"1\",\"dbox_width\":\"100\",\"listmarkers\":\"0\",\"listmarkers_advanced\":\"0\",\"filterbycat\":\"0\",\"ugm_enabled\":\"0\",\"ugm_category_enabled\":\"0\",\"fusion\":\"\",\"map_width_type\":\"\\\\%\",\"map_height_type\":\"px\",\"mass_marker_support\":\"1\",\"ugm_access\":\"0\",\"order_markers_by\":\"1\",\"order_markers_choice\":\"2\",\"show_user_location\":\"0\",\"default_to\":\"\",\"other_settings\":{\"store_locator_enabled\":2,\"store_locator_distance\":2,\"store_locator_default_radius\":10,\"store_locator_not_found_message\":\"No results found in this location. Please try again.\",\"store_locator_bounce\":1,\"store_locator_query_string\":\"ZIP \\\/ Address:\",\"store_locator_default_address\":\"\",\"wpgmza_store_locator_restrict\":\"\",\"wpgmza_store_locator_radius_style\":\"modern\",\"map_max_zoom\":\"1\",\"transport_layer\":0,\"wpgmza_show_points_of_interest\":0,\"wpgmza_auto_night\":0}}' data-map-id='1' Data-maps-engine='open-layers' data-shortcode-attributes='{\"id\":\"1\"}' style=\"display:block; overflow:auto; width:100%; height:500px; float:left;\"><\/div>\n\n\n<div class=\"row\"><div class=\"col-md-6\"><p><\/p>\n<blockquote><p><strong>Bes\u00f8ksadresse\/Postadresse<\/strong><\/p>\n<p>Blindleia Marine A\/S<\/p>\n<p>Vallesverdveien 802<\/p>\n<p>4790 Lillesand<\/p><\/blockquote>\n<p><\/p><\/div><div class=\"col-md-6\"><p><\/p>\n<blockquote><p><strong>Telefon\/E-post<\/strong><\/p>\n<p>Telefon: 4770 4770<\/p>\n<p>E-post: <a href=\"mailto:post@blindleiamarine.no\">post@blindleiamarine.no<\/a><\/p>\n<p>\u00c5pent: Mandag- Fredag 08-16<\/p><\/blockquote>\n<p><\/p><\/div><\/div>\n","protected":false},"excerpt":{"rendered":"<p>Hvem er vi? Blindleia Marine startet i 2011 av H\u00e5vard K. Mathisen. H\u00e5vard er lidenskapelig b\u00e5tmann, utdannet bil- og b\u00e5t mekaniker og har omtrent 15 \u00e5rs erfaring fra b\u00e5tbransjen p\u00e5 s\u00f8rlandet. Han er sv\u00e6rt glad i \u00e5 skru p\u00e5 motorer og \u00e5 selge b\u00e5ter. Uansett gj\u00f8r vi alt vi kan for \u00e5 gi kundene god30<\/p>\n","protected":false},"author":1,"featured_media":554,"parent":0,"menu_order":0,"comment_status":"closed","ping_status":"closed","template":"page-fullwidth.php","meta":{"_exactmetrics_skip_tracking":false,"_exactmetrics_sitenote_active":false,"_exactmetrics_sitenote_note":"","_exactmetrics_sitenote_category":0,"footnotes":""},"class_list":["post-12","page","type-page","status-publish","has-post-thumbnail","hentry"],"_links":{"self":[{"href":"https:\/\/blindleiamarine.no\/index.php\/wp-json\/wp\/v2\/pages\/12","targetHints":{"allow":["GET"]}}],"collection":[{"href":"https:\/\/blindleiamarine.no\/index.php\/wp-json\/wp\/v2\/pages"}],"about":[{"href":"https:\/\/blindleiamarine.no\/index.php\/wp-json\/wp\/v2\/types\/page"}],"author":[{"embeddable":true,"href":"https:\/\/blindleiamarine.no\/index.php\/wp-json\/wp\/v2\/users\/1"}],"replies":[{"embeddable":true,"href":"https:\/\/blindleiamarine.no\/index.php\/wp-json\/wp\/v2\/comments?post=12"}],"version-history":[{"count":33,"href":"https:\/\/blindleiamarine.no\/index.php\/wp-json\/wp\/v2\/pages\/12\/revisions"}],"predecessor-version":[{"id":1472,"href":"https:\/\/blindleiamarine.no\/index.php\/wp-json\/wp\/v2\/pages\/12\/revisions\/1472"}],"wp:featuredmedia":[{"embeddable":true,"href":"https:\/\/blindleiamarine.no\/index.php\/wp-json\/wp\/v2\/media\/554"}],"wp:attachment":[{"href":"https:\/\/blindleiamarine.no\/index.php\/wp-json\/wp\/v2\/media?parent=12"}],"curies":[{"name":"wp","href":"https:\/\/api.w.org\/{rel}","templated":true}]}}